{"id":140,"date":"2023-02-20T21:50:32","date_gmt":"2023-02-20T21:50:32","guid":{"rendered":"https:\/\/franciscog123.sg-host.com\/?page_id=140"},"modified":"2025-03-31T12:24:48","modified_gmt":"2025-03-31T12:24:48","slug":"contacto","status":"publish","type":"page","link":"https:\/\/econovo.com.ar\/eng\/contacto\/","title":{"rendered":"Contact"},"content":{"rendered":"\t\t<div data-elementor-type=\"wp-page\" data-elementor-id=\"140\" class=\"elementor elementor-140\" data-elementor-post-type=\"page\">\n\t\t\t\t\t\t<section class=\"elementor-section elementor-top-section elementor-element elementor-element-4e083f0 elementor-section-height-min-height elementor-section-boxed elementor-section-height-default elementor-section-items-middle\" data-id=\"4e083f0\" data-element_type=\"section\" data-e-type=\"section\" data-settings=\"{&quot;background_background&quot;:&quot;classic&quot;,&quot;jet_parallax_layout_list&quot;:[]}\">\n\t\t\t\t\t\t<div class=\"elementor-container elementor-column-gap-default\">\n\t\t\t\t\t<div class=\"elementor-column elementor-col-100 elementor-top-column elementor-element elementor-element-724fe76\" data-id=\"724fe76\" data-element_type=\"column\" data-e-type=\"column\">\n\t\t\t<div class=\"elementor-widget-wrap elementor-element-populated\">\n\t\t\t\t\t\t<div class=\"elementor-element elementor-element-1fdd244 elementor-widget elementor-widget-heading\" data-id=\"1fdd244\" data-element_type=\"widget\" data-e-type=\"widget\" data-widget_type=\"heading.default\">\n\t\t\t\t<div class=\"elementor-widget-container\">\n\t\t\t\t\t<h2 class=\"elementor-heading-title elementor-size-default\">Comunicate con nuestros asesores comerciales.<\/h2>\t\t\t\t<\/div>\n\t\t\t\t<\/div>\n\t\t\t\t<div class=\"elementor-element elementor-element-b17d51b elementor-widget elementor-widget-heading\" data-id=\"b17d51b\" data-element_type=\"widget\" data-e-type=\"widget\" data-widget_type=\"heading.default\">\n\t\t\t\t<div class=\"elementor-widget-container\">\n\t\t\t\t\t<h2 class=\"elementor-heading-title elementor-size-default\">Dejanos tu consulta.<\/h2>\t\t\t\t<\/div>\n\t\t\t\t<\/div>\n\t\t\t\t<div class=\"elementor-element elementor-element-83992e5 elementor-button-align-stretch elementor-widget elementor-widget-form\" data-id=\"83992e5\" data-element_type=\"widget\" data-e-type=\"widget\" data-settings=\"{&quot;step_next_label&quot;:&quot;Siguiente&quot;,&quot;step_previous_label&quot;:&quot;Anterior&quot;,&quot;button_width&quot;:&quot;100&quot;,&quot;step_type&quot;:&quot;number_text&quot;,&quot;step_icon_shape&quot;:&quot;circle&quot;}\" data-widget_type=\"form.default\">\n\t\t\t\t<div class=\"elementor-widget-container\">\n\t\t\t\t\t\t\t<form class=\"elementor-form\" method=\"post\" name=\"Nuevo formulario\" aria-label=\"Nuevo formulario\">\n\t\t\t<input type=\"hidden\" name=\"post_id\" value=\"140\"\/>\n\t\t\t<input type=\"hidden\" name=\"form_id\" value=\"83992e5\"\/>\n\t\t\t<input type=\"hidden\" name=\"referer_title\" value=\"Econovo Ambiental\" \/>\n\n\t\t\t\n\t\t\t<div class=\"elementor-form-fields-wrapper elementor-labels-above\">\n\t\t\t\t\t\t\t\t<div class=\"elementor-field-type-text elementor-field-group elementor-column elementor-field-group-name elementor-col-100 elementor-field-required\">\n\t\t\t\t\t\t\t\t\t\t\t\t\t<input size=\"1\" type=\"text\" name=\"form_fields[name]\" id=\"form-field-name\" class=\"elementor-field elementor-size-lg  elementor-field-textual\" placeholder=\"Nombre*\" required=\"required\">\n\t\t\t\t\t\t\t\t\t\t\t<\/div>\n\t\t\t\t\t\t\t\t<div class=\"elementor-field-type-email elementor-field-group elementor-column elementor-field-group-email elementor-col-100 elementor-field-required\">\n\t\t\t\t\t\t\t\t\t\t\t\t\t<input size=\"1\" type=\"email\" name=\"form_fields[email]\" id=\"form-field-email\" class=\"elementor-field elementor-size-lg  elementor-field-textual\" placeholder=\"Correo electr\u00f3nico*\" required=\"required\">\n\t\t\t\t\t\t\t\t\t\t\t<\/div>\n\t\t\t\t\t\t\t\t<div class=\"elementor-field-type-text elementor-field-group elementor-column elementor-field-group-field_6a8304d elementor-col-50 elementor-field-required\">\n\t\t\t\t\t\t\t\t\t\t\t\t\t<input size=\"1\" type=\"text\" name=\"form_fields[field_6a8304d]\" id=\"form-field-field_6a8304d\" class=\"elementor-field elementor-size-lg  elementor-field-textual\" placeholder=\"Provincia*\" required=\"required\">\n\t\t\t\t\t\t\t\t\t\t\t<\/div>\n\t\t\t\t\t\t\t\t<div class=\"elementor-field-type-text elementor-field-group elementor-column elementor-field-group-field_0b4c413 elementor-col-50 elementor-field-required\">\n\t\t\t\t\t\t\t\t\t\t\t\t\t<input size=\"1\" type=\"text\" name=\"form_fields[field_0b4c413]\" id=\"form-field-field_0b4c413\" class=\"elementor-field elementor-size-lg  elementor-field-textual\" placeholder=\"Ciudad*\" required=\"required\">\n\t\t\t\t\t\t\t\t\t\t\t<\/div>\n\t\t\t\t\t\t\t\t<div class=\"elementor-field-type-textarea elementor-field-group elementor-column elementor-field-group-message elementor-col-100 elementor-field-required\">\n\t\t\t\t\t<textarea class=\"elementor-field-textual elementor-field  elementor-size-lg\" name=\"form_fields[message]\" id=\"form-field-message\" rows=\"4\" placeholder=\"Mensaje*\" required=\"required\"><\/textarea>\t\t\t\t<\/div>\n\t\t\t\t\t\t\t\t<div class=\"elementor-field-group elementor-column elementor-field-type-submit elementor-col-100 e-form__buttons\">\n\t\t\t\t\t<button class=\"elementor-button elementor-size-lg\" type=\"submit\">\n\t\t\t\t\t\t<span class=\"elementor-button-content-wrapper\">\n\t\t\t\t\t\t\t\t\t\t\t\t\t\t\t\t\t\t\t\t\t\t<span class=\"elementor-button-text\">Enviar<\/span>\n\t\t\t\t\t\t\t\t\t\t\t\t\t<\/span>\n\t\t\t\t\t<\/button>\n\t\t\t\t<\/div>\n\t\t\t<\/div>\n\t\t<\/form>\n\t\t\t\t\t\t<\/div>\n\t\t\t\t<\/div>\n\t\t\t\t<div class=\"elementor-element elementor-element-b17aff4 elementor-widget elementor-widget-spacer\" data-id=\"b17aff4\" data-element_type=\"widget\" data-e-type=\"widget\" data-widget_type=\"spacer.default\">\n\t\t\t\t<div class=\"elementor-widget-container\">\n\t\t\t\t\t\t\t<div class=\"elementor-spacer\">\n\t\t\t<div class=\"elementor-spacer-inner\"><\/div>\n\t\t<\/div>\n\t\t\t\t\t\t<\/div>\n\t\t\t\t<\/div>\n\t\t\t\t<section class=\"elementor-section elementor-inner-section elementor-element elementor-element-86bd93c elementor-section-boxed elementor-section-height-default elementor-section-height-default\" data-id=\"86bd93c\" data-element_type=\"section\" data-e-type=\"section\" data-settings=\"{&quot;jet_parallax_layout_list&quot;:[]}\">\n\t\t\t\t\t\t<div class=\"elementor-container elementor-column-gap-default\">\n\t\t\t\t\t<div class=\"elementor-column elementor-col-50 elementor-inner-column elementor-element elementor-element-25a5ace\" data-id=\"25a5ace\" data-element_type=\"column\" data-e-type=\"column\">\n\t\t\t<div class=\"elementor-widget-wrap elementor-element-populated\">\n\t\t\t\t\t\t<div class=\"elementor-element elementor-element-426d510 elementor-view-default elementor-position-block-start elementor-mobile-position-block-start elementor-widget elementor-widget-icon-box\" data-id=\"426d510\" data-element_type=\"widget\" data-e-type=\"widget\" data-widget_type=\"icon-box.default\">\n\t\t\t\t<div class=\"elementor-widget-container\">\n\t\t\t\t\t\t\t<div class=\"elementor-icon-box-wrapper\">\n\n\t\t\t\t\t\t<div class=\"elementor-icon-box-icon\">\n\t\t\t\t<span  class=\"elementor-icon\">\n\t\t\t\t<i aria-hidden=\"true\" class=\"fas fa-phone-alt\"><\/i>\t\t\t\t<\/span>\n\t\t\t<\/div>\n\t\t\t\n\t\t\t\t\t\t<div class=\"elementor-icon-box-content\">\n\n\t\t\t\t\t\t\t\t\t<h4 class=\"elementor-icon-box-title\">\n\t\t\t\t\t\t<span  >\n\t\t\t\t\t\t\tTel\u00e9fono (C\u00f3rdoba)\t\t\t\t\t\t<\/span>\n\t\t\t\t\t<\/h4>\n\t\t\t\t\n\t\t\t\t\t\t\t\t\t<p class=\"elementor-icon-box-description\">\n\t\t\t\t\t\t+54 3572 462665\t\t\t\t\t<\/p>\n\t\t\t\t\n\t\t\t<\/div>\n\t\t\t\n\t\t<\/div>\n\t\t\t\t\t\t<\/div>\n\t\t\t\t<\/div>\n\t\t\t\t\t<\/div>\n\t\t<\/div>\n\t\t\t\t<div class=\"elementor-column elementor-col-50 elementor-inner-column elementor-element elementor-element-41a97fd\" data-id=\"41a97fd\" data-element_type=\"column\" data-e-type=\"column\">\n\t\t\t<div class=\"elementor-widget-wrap elementor-element-populated\">\n\t\t\t\t\t\t<div class=\"elementor-element elementor-element-e1ed5a2 elementor-view-default elementor-position-block-start elementor-mobile-position-block-start elementor-widget elementor-widget-icon-box\" data-id=\"e1ed5a2\" data-element_type=\"widget\" data-e-type=\"widget\" data-widget_type=\"icon-box.default\">\n\t\t\t\t<div class=\"elementor-widget-container\">\n\t\t\t\t\t\t\t<div class=\"elementor-icon-box-wrapper\">\n\n\t\t\t\t\t\t<div class=\"elementor-icon-box-icon\">\n\t\t\t\t<span  class=\"elementor-icon\">\n\t\t\t\t<i aria-hidden=\"true\" class=\"fas fa-map-marker-alt\"><\/i>\t\t\t\t<\/span>\n\t\t\t<\/div>\n\t\t\t\n\t\t\t\t\t\t<div class=\"elementor-icon-box-content\">\n\n\t\t\t\t\t\t\t\t\t<h4 class=\"elementor-icon-box-title\">\n\t\t\t\t\t\t<span  >\n\t\t\t\t\t\t\tUbicaci\u00f3n (C\u00f3rdoba)\t\t\t\t\t\t<\/span>\n\t\t\t\t\t<\/h4>\n\t\t\t\t\n\t\t\t\t\t\t\t\t\t<p class=\"elementor-icon-box-description\">\n\t\t\t\t\t\tAutopista C\u00f3rdoba-Rosario Km 629, 5986 Oncativo, C\u00f3rdoba\t\t\t\t\t<\/p>\n\t\t\t\t\n\t\t\t<\/div>\n\t\t\t\n\t\t<\/div>\n\t\t\t\t\t\t<\/div>\n\t\t\t\t<\/div>\n\t\t\t\t\t<\/div>\n\t\t<\/div>\n\t\t\t\t\t<\/div>\n\t\t<\/section>\n\t\t\t\t<section class=\"elementor-section elementor-inner-section elementor-element elementor-element-9f03cc1 elementor-section-boxed elementor-section-height-default elementor-section-height-default\" data-id=\"9f03cc1\" data-element_type=\"section\" data-e-type=\"section\" data-settings=\"{&quot;jet_parallax_layout_list&quot;:[]}\">\n\t\t\t\t\t\t<div class=\"elementor-container elementor-column-gap-default\">\n\t\t\t\t\t<div class=\"elementor-column elementor-col-50 elementor-inner-column elementor-element elementor-element-67bb3ab\" data-id=\"67bb3ab\" data-element_type=\"column\" data-e-type=\"column\">\n\t\t\t<div class=\"elementor-widget-wrap elementor-element-populated\">\n\t\t\t\t\t\t<div class=\"elementor-element elementor-element-c031547 elementor-view-default elementor-position-block-start elementor-mobile-position-block-start elementor-widget elementor-widget-icon-box\" data-id=\"c031547\" data-element_type=\"widget\" data-e-type=\"widget\" data-widget_type=\"icon-box.default\">\n\t\t\t\t<div class=\"elementor-widget-container\">\n\t\t\t\t\t\t\t<div class=\"elementor-icon-box-wrapper\">\n\n\t\t\t\t\t\t<div class=\"elementor-icon-box-icon\">\n\t\t\t\t<span  class=\"elementor-icon\">\n\t\t\t\t<i aria-hidden=\"true\" class=\"fas fa-phone-alt\"><\/i>\t\t\t\t<\/span>\n\t\t\t<\/div>\n\t\t\t\n\t\t\t\t\t\t<div class=\"elementor-icon-box-content\">\n\n\t\t\t\t\t\t\t\t\t<h4 class=\"elementor-icon-box-title\">\n\t\t\t\t\t\t<span  >\n\t\t\t\t\t\t\tTel\u00e9fono (Buenos Aires)\t\t\t\t\t\t<\/span>\n\t\t\t\t\t<\/h4>\n\t\t\t\t\n\t\t\t\t\t\t\t\t\t<p class=\"elementor-icon-box-description\">\n\t\t\t\t\t\t\u202a+54\u00a011\u00a04228\u00a03096\t\t\t\t\t<\/p>\n\t\t\t\t\n\t\t\t<\/div>\n\t\t\t\n\t\t<\/div>\n\t\t\t\t\t\t<\/div>\n\t\t\t\t<\/div>\n\t\t\t\t\t<\/div>\n\t\t<\/div>\n\t\t\t\t<div class=\"elementor-column elementor-col-50 elementor-inner-column elementor-element elementor-element-bac26c1\" data-id=\"bac26c1\" data-element_type=\"column\" data-e-type=\"column\">\n\t\t\t<div class=\"elementor-widget-wrap elementor-element-populated\">\n\t\t\t\t\t\t<div class=\"elementor-element elementor-element-39a4ef0 elementor-view-default elementor-position-block-start elementor-mobile-position-block-start elementor-widget elementor-widget-icon-box\" data-id=\"39a4ef0\" data-element_type=\"widget\" data-e-type=\"widget\" data-widget_type=\"icon-box.default\">\n\t\t\t\t<div class=\"elementor-widget-container\">\n\t\t\t\t\t\t\t<div class=\"elementor-icon-box-wrapper\">\n\n\t\t\t\t\t\t<div class=\"elementor-icon-box-icon\">\n\t\t\t\t<span  class=\"elementor-icon\">\n\t\t\t\t<i aria-hidden=\"true\" class=\"fas fa-map-marker-alt\"><\/i>\t\t\t\t<\/span>\n\t\t\t<\/div>\n\t\t\t\n\t\t\t\t\t\t<div class=\"elementor-icon-box-content\">\n\n\t\t\t\t\t\t\t\t\t<h4 class=\"elementor-icon-box-title\">\n\t\t\t\t\t\t<span  >\n\t\t\t\t\t\t\tUbicaci\u00f3n (Buenos Aires)\t\t\t\t\t\t<\/span>\n\t\t\t\t\t<\/h4>\n\t\t\t\t\n\t\t\t\t\t\t\t\t\t<p class=\"elementor-icon-box-description\">\n\t\t\t\t\t\tAv. 21 6301, B1884 Berazategui, Buenos Aires\t\t\t\t\t<\/p>\n\t\t\t\t\n\t\t\t<\/div>\n\t\t\t\n\t\t<\/div>\n\t\t\t\t\t\t<\/div>\n\t\t\t\t<\/div>\n\t\t\t\t\t<\/div>\n\t\t<\/div>\n\t\t\t\t\t<\/div>\n\t\t<\/section>\n\t\t\t\t\t<\/div>\n\t\t<\/div>\n\t\t\t\t\t<\/div>\n\t\t<\/section>\n\t\t\t\t<\/div>\n\t\t","protected":false},"excerpt":{"rendered":"<p>Comunicate con nuestros asesores comerciales. Dejanos tu consulta. Tel\u00e9fono (C\u00f3rdoba) +54 3572 462665 Ubicaci\u00f3n (C\u00f3rdoba) Autopista C\u00f3rdoba-Rosario Km 629, 5986 Oncativo, C\u00f3rdoba Tel\u00e9fono (Buenos Aires) \u202a+54\u00a011\u00a04228\u00a03096 Ubicaci\u00f3n (Buenos Aires) Av. 21 6301, B1884 Berazategui, Buenos Aires<\/p>","protected":false},"author":1,"featured_media":474,"parent":0,"menu_order":0,"comment_status":"closed","ping_status":"closed","template":"elementor_header_footer","meta":{"footnotes":""},"class_list":["post-140","page","type-page","status-publish","has-post-thumbnail","hentry"],"yoast_head":"<!-- This site is optimized with the Yoast SEO plugin v27.1.1 - https:\/\/yoast.com\/product\/yoast-seo-wordpress\/ -->\n<title>\u25b7 Contacto: \u00a1Comun\u00edcate con nosotros! - Econovo Ambiental<\/title>\n<meta name=\"robots\" content=\"index, follow, max-snippet:-1, max-image-preview:large, max-video-preview:-1\" \/>\n<link rel=\"canonical\" href=\"https:\/\/econovo.com.ar\/eng\/contacto\/\" \/>\n<meta property=\"og:locale\" content=\"en_GB\" \/>\n<meta property=\"og:type\" content=\"article\" \/>\n<meta property=\"og:title\" content=\"\u25b7 Contacto: \u00a1Comun\u00edcate con nosotros! - Econovo Ambiental\" \/>\n<meta property=\"og:description\" content=\"Comunicate con nuestros asesores comerciales. Dejanos tu consulta. Tel\u00e9fono (C\u00f3rdoba) +54 3572 462665 Ubicaci\u00f3n (C\u00f3rdoba) Autopista C\u00f3rdoba-Rosario Km 629, 5986 Oncativo, C\u00f3rdoba Tel\u00e9fono (Buenos Aires) \u202a+54\u00a011\u00a04228\u00a03096 Ubicaci\u00f3n (Buenos Aires) Av. 21 6301, B1884 Berazategui, Buenos Aires\" \/>\n<meta property=\"og:url\" content=\"https:\/\/econovo.com.ar\/eng\/contacto\/\" \/>\n<meta property=\"og:site_name\" content=\"Econovo Ambiental\" \/>\n<meta property=\"article:modified_time\" content=\"2025-03-31T12:24:48+00:00\" \/>\n<meta property=\"og:image\" content=\"https:\/\/econovo.com.ar\/wp-content\/uploads\/2023\/03\/econovo-jpg.jpg\" \/>\n\t<meta property=\"og:image:width\" content=\"500\" \/>\n\t<meta property=\"og:image:height\" content=\"500\" \/>\n\t<meta property=\"og:image:type\" content=\"image\/jpeg\" \/>\n<meta name=\"twitter:card\" content=\"summary_large_image\" \/>\n<meta name=\"twitter:label1\" content=\"Estimated reading time\" \/>\n\t<meta name=\"twitter:data1\" content=\"1 minute\" \/>\n<script type=\"application\/ld+json\" class=\"yoast-schema-graph\">{\"@context\":\"https:\/\/schema.org\",\"@graph\":[{\"@type\":\"WebPage\",\"@id\":\"https:\/\/econovo.com.ar\/contacto\/\",\"url\":\"https:\/\/econovo.com.ar\/contacto\/\",\"name\":\"\u25b7 Contacto: \u00a1Comun\u00edcate con nosotros! - Econovo Ambiental\",\"isPartOf\":{\"@id\":\"https:\/\/econovo.com.ar\/#website\"},\"primaryImageOfPage\":{\"@id\":\"https:\/\/econovo.com.ar\/contacto\/#primaryimage\"},\"image\":{\"@id\":\"https:\/\/econovo.com.ar\/contacto\/#primaryimage\"},\"thumbnailUrl\":\"https:\/\/econovo.com.ar\/wp-content\/uploads\/2023\/03\/econovo-jpg.jpg\",\"datePublished\":\"2023-02-20T21:50:32+00:00\",\"dateModified\":\"2025-03-31T12:24:48+00:00\",\"breadcrumb\":{\"@id\":\"https:\/\/econovo.com.ar\/contacto\/#breadcrumb\"},\"inLanguage\":\"en-GB\",\"potentialAction\":[{\"@type\":\"ReadAction\",\"target\":[\"https:\/\/econovo.com.ar\/contacto\/\"]}]},{\"@type\":\"ImageObject\",\"inLanguage\":\"en-GB\",\"@id\":\"https:\/\/econovo.com.ar\/contacto\/#primaryimage\",\"url\":\"https:\/\/econovo.com.ar\/wp-content\/uploads\/2023\/03\/econovo-jpg.jpg\",\"contentUrl\":\"https:\/\/econovo.com.ar\/wp-content\/uploads\/2023\/03\/econovo-jpg.jpg\",\"width\":500,\"height\":500},{\"@type\":\"BreadcrumbList\",\"@id\":\"https:\/\/econovo.com.ar\/contacto\/#breadcrumb\",\"itemListElement\":[{\"@type\":\"ListItem\",\"position\":1,\"name\":\"Portada\",\"item\":\"https:\/\/econovo.com.ar\/\"},{\"@type\":\"ListItem\",\"position\":2,\"name\":\"Contacto\"}]},{\"@type\":\"WebSite\",\"@id\":\"https:\/\/econovo.com.ar\/#website\",\"url\":\"https:\/\/econovo.com.ar\/\",\"name\":\"Econovo Ambiental\",\"description\":\"\",\"publisher\":{\"@id\":\"https:\/\/econovo.com.ar\/#organization\"},\"potentialAction\":[{\"@type\":\"SearchAction\",\"target\":{\"@type\":\"EntryPoint\",\"urlTemplate\":\"https:\/\/econovo.com.ar\/?s={search_term_string}\"},\"query-input\":{\"@type\":\"PropertyValueSpecification\",\"valueRequired\":true,\"valueName\":\"search_term_string\"}}],\"inLanguage\":\"en-GB\"},{\"@type\":\"Organization\",\"@id\":\"https:\/\/econovo.com.ar\/#organization\",\"name\":\"Econovo Ambiental\",\"url\":\"https:\/\/econovo.com.ar\/\",\"logo\":{\"@type\":\"ImageObject\",\"inLanguage\":\"en-GB\",\"@id\":\"https:\/\/econovo.com.ar\/#\/schema\/logo\/image\/\",\"url\":\"https:\/\/econovo.com.ar\/wp-content\/uploads\/2023\/02\/cropped-Isologo-Ambiental-1.png\",\"contentUrl\":\"https:\/\/econovo.com.ar\/wp-content\/uploads\/2023\/02\/cropped-Isologo-Ambiental-1.png\",\"width\":185,\"height\":40,\"caption\":\"Econovo Ambiental\"},\"image\":{\"@id\":\"https:\/\/econovo.com.ar\/#\/schema\/logo\/image\/\"}}]}<\/script>\n<!-- \/ Yoast SEO plugin. -->","yoast_head_json":{"title":"\u25b7 Contacto: \u00a1Comun\u00edcate con nosotros! - Econovo Ambiental","robots":{"index":"index","follow":"follow","max-snippet":"max-snippet:-1","max-image-preview":"max-image-preview:large","max-video-preview":"max-video-preview:-1"},"canonical":"https:\/\/econovo.com.ar\/eng\/contacto\/","og_locale":"en_GB","og_type":"article","og_title":"\u25b7 Contacto: \u00a1Comun\u00edcate con nosotros! - Econovo Ambiental","og_description":"Comunicate con nuestros asesores comerciales. Dejanos tu consulta. Tel\u00e9fono (C\u00f3rdoba) +54 3572 462665 Ubicaci\u00f3n (C\u00f3rdoba) Autopista C\u00f3rdoba-Rosario Km 629, 5986 Oncativo, C\u00f3rdoba Tel\u00e9fono (Buenos Aires) \u202a+54\u00a011\u00a04228\u00a03096 Ubicaci\u00f3n (Buenos Aires) Av. 21 6301, B1884 Berazategui, Buenos Aires","og_url":"https:\/\/econovo.com.ar\/eng\/contacto\/","og_site_name":"Econovo Ambiental","article_modified_time":"2025-03-31T12:24:48+00:00","og_image":[{"width":500,"height":500,"url":"https:\/\/econovo.com.ar\/wp-content\/uploads\/2023\/03\/econovo-jpg.jpg","type":"image\/jpeg"}],"twitter_card":"summary_large_image","twitter_misc":{"Estimated reading time":"1 minute"},"schema":{"@context":"https:\/\/schema.org","@graph":[{"@type":"WebPage","@id":"https:\/\/econovo.com.ar\/contacto\/","url":"https:\/\/econovo.com.ar\/contacto\/","name":"\u25b7 Contacto: \u00a1Comun\u00edcate con nosotros! - Econovo Ambiental","isPartOf":{"@id":"https:\/\/econovo.com.ar\/#website"},"primaryImageOfPage":{"@id":"https:\/\/econovo.com.ar\/contacto\/#primaryimage"},"image":{"@id":"https:\/\/econovo.com.ar\/contacto\/#primaryimage"},"thumbnailUrl":"https:\/\/econovo.com.ar\/wp-content\/uploads\/2023\/03\/econovo-jpg.jpg","datePublished":"2023-02-20T21:50:32+00:00","dateModified":"2025-03-31T12:24:48+00:00","breadcrumb":{"@id":"https:\/\/econovo.com.ar\/contacto\/#breadcrumb"},"inLanguage":"en-GB","potentialAction":[{"@type":"ReadAction","target":["https:\/\/econovo.com.ar\/contacto\/"]}]},{"@type":"ImageObject","inLanguage":"en-GB","@id":"https:\/\/econovo.com.ar\/contacto\/#primaryimage","url":"https:\/\/econovo.com.ar\/wp-content\/uploads\/2023\/03\/econovo-jpg.jpg","contentUrl":"https:\/\/econovo.com.ar\/wp-content\/uploads\/2023\/03\/econovo-jpg.jpg","width":500,"height":500},{"@type":"BreadcrumbList","@id":"https:\/\/econovo.com.ar\/contacto\/#breadcrumb","itemListElement":[{"@type":"ListItem","position":1,"name":"Portada","item":"https:\/\/econovo.com.ar\/"},{"@type":"ListItem","position":2,"name":"Contacto"}]},{"@type":"WebSite","@id":"https:\/\/econovo.com.ar\/#website","url":"https:\/\/econovo.com.ar\/","name":"Econovo Environmental","description":"","publisher":{"@id":"https:\/\/econovo.com.ar\/#organization"},"potentialAction":[{"@type":"SearchAction","target":{"@type":"EntryPoint","urlTemplate":"https:\/\/econovo.com.ar\/?s={search_term_string}"},"query-input":{"@type":"PropertyValueSpecification","valueRequired":true,"valueName":"search_term_string"}}],"inLanguage":"en-GB"},{"@type":"Organization","@id":"https:\/\/econovo.com.ar\/#organization","name":"Econovo Environmental","url":"https:\/\/econovo.com.ar\/","logo":{"@type":"ImageObject","inLanguage":"en-GB","@id":"https:\/\/econovo.com.ar\/#\/schema\/logo\/image\/","url":"https:\/\/econovo.com.ar\/wp-content\/uploads\/2023\/02\/cropped-Isologo-Ambiental-1.png","contentUrl":"https:\/\/econovo.com.ar\/wp-content\/uploads\/2023\/02\/cropped-Isologo-Ambiental-1.png","width":185,"height":40,"caption":"Econovo Ambiental"},"image":{"@id":"https:\/\/econovo.com.ar\/#\/schema\/logo\/image\/"}}]}},"_links":{"self":[{"href":"https:\/\/econovo.com.ar\/eng\/wp-json\/wp\/v2\/pages\/140","targetHints":{"allow":["GET"]}}],"collection":[{"href":"https:\/\/econovo.com.ar\/eng\/wp-json\/wp\/v2\/pages"}],"about":[{"href":"https:\/\/econovo.com.ar\/eng\/wp-json\/wp\/v2\/types\/page"}],"author":[{"embeddable":true,"href":"https:\/\/econovo.com.ar\/eng\/wp-json\/wp\/v2\/users\/1"}],"replies":[{"embeddable":true,"href":"https:\/\/econovo.com.ar\/eng\/wp-json\/wp\/v2\/comments?post=140"}],"version-history":[{"count":44,"href":"https:\/\/econovo.com.ar\/eng\/wp-json\/wp\/v2\/pages\/140\/revisions"}],"predecessor-version":[{"id":1073,"href":"https:\/\/econovo.com.ar\/eng\/wp-json\/wp\/v2\/pages\/140\/revisions\/1073"}],"wp:featuredmedia":[{"embeddable":true,"href":"https:\/\/econovo.com.ar\/eng\/wp-json\/wp\/v2\/media\/474"}],"wp:attachment":[{"href":"https:\/\/econovo.com.ar\/eng\/wp-json\/wp\/v2\/media?parent=140"}],"curies":[{"name":"wp","href":"https:\/\/api.w.org\/{rel}","templated":true}]}}